{"id":2,"date":"2016-05-10T03:48:21","date_gmt":"2016-05-10T03:48:21","guid":{"rendered":"https:\/\/for-easy-living.at\/?page_id=2"},"modified":"2025-06-07T09:06:38","modified_gmt":"2025-06-07T09:06:38","slug":"sample-page","status":"publish","type":"page","link":"https:\/\/for-easy-living.at\/?page_id=2","title":{"rendered":"\u00dcber mich"},"content":{"rendered":"\n<p>Ich hei\u00dfe Mag. Ulrike Lauda-Kasperowski.<\/p>\n\n\n\n<p><strong>Ausbildungen<\/strong><\/p>\n\n\n\n<p>Mag. Phil., Staatl. gepr. Masseur und Bademeister (D)<br>Cert. Ac.,&nbsp;<br>Cert. Tuina und Kindertuina, Cert. Tuina und Kindertuina Trainerin,<br>Cert. Feng Shui Beraterin und Ausbilderin,&nbsp;<br>Seminarleiterin und Leiterin der Fachfortbildung CDP (Children Development Practice) gemeinsam mit Sonja Heibel-Padrutt in A., D., CH.<\/p>\n\n\n\n<p><strong>Vortragende (Workshops):<\/strong><\/p>\n\n\n\n<p><span style=\"text-decoration: underline;\">Mag. Ulrike Lauda-Kasperowski:<\/span><br>Mag. Phil., <br>Staatl. gepr. Masseur und Bademeister (D)<br>Cert. Ac.,&nbsp;Cert. Tuina und Kindertuina, Cert. Tuina und Kindertuina Trainerin,<br>Cert. Feng Shui Beraterin und AusbilderinSeminarleiterin und Leiterin der Fachfortbildung CDP (Children Development Practice) gemeinsam mit Sonja Heibel-Padrutt in A., D., CH.<\/p>\n\n\n\n<p><span style=\"text-decoration: underline;\">Marion Lorenz:<\/span><br>DGKP,&nbsp; Diplomierte ganzheitliche Ern\u00e4hrungstrainerin, Zertifizierte Yogalehrerin<\/p>\n\n\n\n<p><span style=\"text-decoration: underline;\">Susanne Melnick:<\/span><br>DGKP, \u00e4rztl. gepr\u00fcfte Aromatologin<br>Seit 2006 Vortragende Aromapflege in div. Kliniken \u00f6sterreichweit, sowie Implementierung der Aromapflege in Theorie und Praxis auf 52 Pflegeeinheiten (Klinik Penzing), als auch in Krankenpflegeschulen, Pflegekongressen und Gesundheitstagen div. Institutionen.&nbsp;<br>Seit 2012 private Workshopreihen Aromatherapie gemeinsam mit TCM Therapeutin Mag. Ulrike Lauda- Kasperowski.<\/p>\n\n\n\n<p><\/p>\n","protected":false},"excerpt":{"rendered":"<p>Ich hei\u00dfe Mag. Ulrike Lauda-Kasperowski. Ausbildungen Mag. Phil., Staatl. gepr. Masseur und Bademeister (D)Cert. Ac.,&nbsp;Cert. Tuina und Kindertuina, Cert. Tuina und Kindertuina Trainerin,Cert. Feng Shui Beraterin und Ausbilderin,&nbsp;Seminarleiterin und Leiterin der Fachfortbildung CDP (Children Development Practice) gemeinsam mit Sonja Heibel-Padrutt in A., D., CH. Vortragende (Workshops): Mag. Ulrike Lauda-Kasperowski:Mag. Phil., Staatl. gepr. Masseur und Bademeister&#8230;<\/p>\n","protected":false},"author":1,"featured_media":0,"parent":0,"menu_order":0,"comment_status":"closed","ping_status":"open","template":"","meta":{"_kad_post_transparent":"","_kad_post_title":"","_kad_post_layout":"","_kad_post_sidebar_id":"","_kad_post_content_style":"","_kad_post_vertical_padding":"","_kad_post_feature":"","_kad_post_feature_position":"","_kad_post_header":false,"_kad_post_footer":false,"footnotes":""},"class_list":["post-2","page","type-page","status-publish","hentry"],"_links":{"self":[{"href":"https:\/\/for-easy-living.at\/index.php?rest_route=\/wp\/v2\/pages\/2","targetHints":{"allow":["GET"]}}],"collection":[{"href":"https:\/\/for-easy-living.at\/index.php?rest_route=\/wp\/v2\/pages"}],"about":[{"href":"https:\/\/for-easy-living.at\/index.php?rest_route=\/wp\/v2\/types\/page"}],"author":[{"embeddable":true,"href":"https:\/\/for-easy-living.at\/index.php?rest_route=\/wp\/v2\/users\/1"}],"replies":[{"embeddable":true,"href":"https:\/\/for-easy-living.at\/index.php?rest_route=%2Fwp%2Fv2%2Fcomments&post=2"}],"version-history":[{"count":5,"href":"https:\/\/for-easy-living.at\/index.php?rest_route=\/wp\/v2\/pages\/2\/revisions"}],"predecessor-version":[{"id":265,"href":"https:\/\/for-easy-living.at\/index.php?rest_route=\/wp\/v2\/pages\/2\/revisions\/265"}],"wp:attachment":[{"href":"https:\/\/for-easy-living.at\/index.php?rest_route=%2Fwp%2Fv2%2Fmedia&parent=2"}],"curies":[{"name":"wp","href":"https:\/\/api.w.org\/{rel}","templated":true}]}}