{"id":41,"date":"2025-05-11T13:15:05","date_gmt":"2025-05-11T13:15:05","guid":{"rendered":"https:\/\/for-easy-living.at\/?page_id=41"},"modified":"2025-06-07T08:53:15","modified_gmt":"2025-06-07T08:53:15","slug":"feng-shui-workshops","status":"publish","type":"page","link":"https:\/\/for-easy-living.at\/?page_id=41","title":{"rendered":"Feng Shui Workshops"},"content":{"rendered":"\n<div class=\"wp-block-columns is-layout-flex wp-container-core-columns-is-layout-9d6595d7 wp-block-columns-is-layout-flex\">\n<div class=\"wp-block-column is-layout-flow wp-block-column-is-layout-flow\" style=\"flex-basis:33.33%\">\n<figure class=\"wp-block-image size-large\"><img loading=\"lazy\" decoding=\"async\" width=\"1137\" height=\"853\" src=\"https:\/\/for-easy-living.at\/wp-content\/uploads\/2025\/06\/lake-4426212_1280-edited.jpg\" alt=\"\" class=\"wp-image-251\" srcset=\"https:\/\/for-easy-living.at\/wp-content\/uploads\/2025\/06\/lake-4426212_1280-edited.jpg 1137w, https:\/\/for-easy-living.at\/wp-content\/uploads\/2025\/06\/lake-4426212_1280-edited-300x225.jpg 300w, https:\/\/for-easy-living.at\/wp-content\/uploads\/2025\/06\/lake-4426212_1280-edited-1024x768.jpg 1024w, https:\/\/for-easy-living.at\/wp-content\/uploads\/2025\/06\/lake-4426212_1280-edited-768x576.jpg 768w\" sizes=\"auto, (max-width: 1137px) 100vw, 1137px\" \/><\/figure>\n<\/div>\n\n\n\n<div class=\"wp-block-column is-layout-flow wp-block-column-is-layout-flow\" style=\"flex-basis:66.66%\">\n<h2 class=\"wp-block-heading\">Der Spiegel meiner W\u00fcnsche&nbsp;<\/h2>\n\n\n\n<p>Feng Shui Workshop<\/p>\n\n\n\n<p>Mit Hilfe von Basis Feng Shui erkennen wir unsere Hindernisse&nbsp;im Raum&nbsp;und wie wir sie \u00fcberwinden k\u00f6nnen.<br>Was h\u00e4lt uns zur\u00fcck? Warum geht es nicht vorw\u00e4rts? Was fehlt?<br>Anhand Ihres Planes lernen Sie in der Gruppe Problemzonen in unseren R\u00e4umen zu erfassen und die M\u00f6glichkeiten zu verbessern. <\/p>\n<\/div>\n<\/div>\n\n\n\n<div class=\"wp-block-columns is-layout-flex wp-container-core-columns-is-layout-9d6595d7 wp-block-columns-is-layout-flex\">\n<div class=\"wp-block-column is-layout-flow wp-block-column-is-layout-flow\" style=\"flex-basis:33.33%\">\n<figure class=\"wp-block-image size-large\"><img loading=\"lazy\" decoding=\"async\" width=\"1137\" height=\"853\" src=\"https:\/\/for-easy-living.at\/wp-content\/uploads\/2025\/06\/sunset-7447221_1280-edited.jpg\" alt=\"\" class=\"wp-image-252\" srcset=\"https:\/\/for-easy-living.at\/wp-content\/uploads\/2025\/06\/sunset-7447221_1280-edited.jpg 1137w, https:\/\/for-easy-living.at\/wp-content\/uploads\/2025\/06\/sunset-7447221_1280-edited-300x225.jpg 300w, https:\/\/for-easy-living.at\/wp-content\/uploads\/2025\/06\/sunset-7447221_1280-edited-1024x768.jpg 1024w, https:\/\/for-easy-living.at\/wp-content\/uploads\/2025\/06\/sunset-7447221_1280-edited-768x576.jpg 768w\" sizes=\"auto, (max-width: 1137px) 100vw, 1137px\" \/><\/figure>\n<\/div>\n\n\n\n<div class=\"wp-block-column is-layout-flow wp-block-column-is-layout-flow\" style=\"flex-basis:66.66%\">\n<h2 class=\"wp-block-heading\">Umsetzung meiner W\u00fcnsche<\/h2>\n\n\n\n<p>Feng Shui Workshop<\/p>\n\n\n\n<p>Dieser Workshop ist eine Fortsetzung des Workshops &#8222;Der Spiegel meiner W\u00fcnsche&#8220;. Hier analysieren wir gemeinsam die praktischen Ergebnisse des ersten Workshops und die Ver\u00e4nderungen, die er bewirkt hat.&nbsp;<\/p>\n<\/div>\n<\/div>\n\n\n\n<div class=\"wp-block-columns is-layout-flex wp-container-core-columns-is-layout-9d6595d7 wp-block-columns-is-layout-flex\">\n<div class=\"wp-block-column is-layout-flow wp-block-column-is-layout-flow\" style=\"flex-basis:33.33%\">\n<figure class=\"wp-block-image size-large\"><img loading=\"lazy\" decoding=\"async\" width=\"2560\" height=\"1919\" src=\"https:\/\/for-easy-living.at\/wp-content\/uploads\/2025\/06\/IMG_3393-edited-2-scaled.jpg\" alt=\"\" class=\"wp-image-253\" srcset=\"https:\/\/for-easy-living.at\/wp-content\/uploads\/2025\/06\/IMG_3393-edited-2-scaled.jpg 2560w, https:\/\/for-easy-living.at\/wp-content\/uploads\/2025\/06\/IMG_3393-edited-2-300x225.jpg 300w, https:\/\/for-easy-living.at\/wp-content\/uploads\/2025\/06\/IMG_3393-edited-2-1024x768.jpg 1024w, https:\/\/for-easy-living.at\/wp-content\/uploads\/2025\/06\/IMG_3393-edited-2-768x576.jpg 768w, https:\/\/for-easy-living.at\/wp-content\/uploads\/2025\/06\/IMG_3393-edited-2-1536x1152.jpg 1536w, https:\/\/for-easy-living.at\/wp-content\/uploads\/2025\/06\/IMG_3393-edited-2-2048x1535.jpg 2048w\" sizes=\"auto, (max-width: 2560px) 100vw, 2560px\" \/><\/figure>\n<\/div>\n\n\n\n<div class=\"wp-block-column is-layout-flow wp-block-column-is-layout-flow\" style=\"flex-basis:66.66%\">\n<h2 class=\"wp-block-heading\">Space Clearing<\/h2>\n\n\n\n<p>Feng Shui Workshop<\/p>\n\n\n\n<p>&#8222;Die Luft war zum Schneiden&#8220; oder &#8222;es gab wieder einmal dicke Luft&#8220; sind einfache Beispiele f\u00fcr Probleme in R\u00e4umen. Wir hinterlassen t\u00e4glich unseren Mist nicht nur sichtbar, sondern auch auf Schwingungsebene, wie von der Physik immer wieder best\u00e4tigt wird. So bildet sich auf Dauer auch sehr viel f\u00fchlbarer M\u00fcll in unserer Umgebung und der Raum f\u00fcr Entwicklung und Kreativit\u00e4t schrumpft merkbar.<\/p>\n\n\n\n<p>Erlernen Sie R\u00e4ume zu reinigen, zu \u00f6ffnen und Ihnen mehr Klarheit zu geben. Es entsteht wieder Platz f\u00fcr Gesundheit, Kreativit\u00e4t und Wohlstand.<\/p>\n<\/div>\n<\/div>\n\n\n\n<div class=\"wp-block-buttons is-content-justification-center is-layout-flex wp-container-core-buttons-is-layout-16018d1d wp-block-buttons-is-layout-flex\">\n<div class=\"wp-block-button is-style-outline is-style-outline--1\"><a class=\"wp-block-button__link wp-element-button\" href=\"https:\/\/for-easy-living.at\/?page_id=34\">Anmeldung<\/a><\/div>\n<\/div>\n\n\n\n<p><\/p>\n","protected":false},"excerpt":{"rendered":"<p>Der Spiegel meiner W\u00fcnsche&nbsp; Feng Shui Workshop Mit Hilfe von Basis Feng Shui erkennen wir unsere Hindernisse&nbsp;im Raum&nbsp;und wie wir sie \u00fcberwinden k\u00f6nnen.Was h\u00e4lt uns zur\u00fcck? Warum geht es nicht vorw\u00e4rts? Was fehlt?Anhand Ihres Planes lernen Sie in der Gruppe Problemzonen in unseren R\u00e4umen zu erfassen und die M\u00f6glichkeiten zu verbessern. Umsetzung meiner W\u00fcnsche Feng&#8230;<\/p>\n","protected":false},"author":1,"featured_media":0,"parent":0,"menu_order":0,"comment_status":"closed","ping_status":"closed","template":"","meta":{"_kad_post_transparent":"","_kad_post_title":"","_kad_post_layout":"","_kad_post_sidebar_id":"","_kad_post_content_style":"","_kad_post_vertical_padding":"","_kad_post_feature":"","_kad_post_feature_position":"","_kad_post_header":false,"_kad_post_footer":false,"footnotes":""},"class_list":["post-41","page","type-page","status-publish","hentry"],"_links":{"self":[{"href":"https:\/\/for-easy-living.at\/index.php?rest_route=\/wp\/v2\/pages\/41","targetHints":{"allow":["GET"]}}],"collection":[{"href":"https:\/\/for-easy-living.at\/index.php?rest_route=\/wp\/v2\/pages"}],"about":[{"href":"https:\/\/for-easy-living.at\/index.php?rest_route=\/wp\/v2\/types\/page"}],"author":[{"embeddable":true,"href":"https:\/\/for-easy-living.at\/index.php?rest_route=\/wp\/v2\/users\/1"}],"replies":[{"embeddable":true,"href":"https:\/\/for-easy-living.at\/index.php?rest_route=%2Fwp%2Fv2%2Fcomments&post=41"}],"version-history":[{"count":10,"href":"https:\/\/for-easy-living.at\/index.php?rest_route=\/wp\/v2\/pages\/41\/revisions"}],"predecessor-version":[{"id":254,"href":"https:\/\/for-easy-living.at\/index.php?rest_route=\/wp\/v2\/pages\/41\/revisions\/254"}],"wp:attachment":[{"href":"https:\/\/for-easy-living.at\/index.php?rest_route=%2Fwp%2Fv2%2Fmedia&parent=41"}],"curies":[{"name":"wp","href":"https:\/\/api.w.org\/{rel}","templated":true}]}}