{"id":43,"date":"2025-05-11T13:15:34","date_gmt":"2025-05-11T13:15:34","guid":{"rendered":"https:\/\/for-easy-living.at\/?page_id=43"},"modified":"2025-06-07T09:24:31","modified_gmt":"2025-06-07T09:24:31","slug":"kosmetische-tuina","status":"publish","type":"page","link":"https:\/\/for-easy-living.at\/?page_id=43","title":{"rendered":"Skinsecrets &#8211; Kosmetische Tuina"},"content":{"rendered":"\n<div class=\"wp-block-columns is-layout-flex wp-container-core-columns-is-layout-9d6595d7 wp-block-columns-is-layout-flex\">\n<div class=\"wp-block-column is-layout-flow wp-block-column-is-layout-flow\" style=\"flex-basis:33.33%\">\n<figure class=\"wp-block-image size-large\"><img loading=\"lazy\" decoding=\"async\" width=\"609\" height=\"456\" src=\"https:\/\/for-easy-living.at\/wp-content\/uploads\/2025\/05\/IMG_2102-1-edited-2.jpg\" alt=\"\" class=\"wp-image-126\" srcset=\"https:\/\/for-easy-living.at\/wp-content\/uploads\/2025\/05\/IMG_2102-1-edited-2.jpg 609w, https:\/\/for-easy-living.at\/wp-content\/uploads\/2025\/05\/IMG_2102-1-edited-2-300x225.jpg 300w\" sizes=\"auto, (max-width: 609px) 100vw, 609px\" \/><\/figure>\n<\/div>\n\n\n\n<div class=\"wp-block-column is-layout-flow wp-block-column-is-layout-flow\" style=\"flex-basis:66.66%\">\n<h2 class=\"wp-block-heading\">Kosmetische Tuina<\/h2>\n\n\n\n<p>In erster Linie geht es bei dieser Massage um die Partie des K\u00f6rpers, die bevorzugt von der kosmetischen Industrie beworben wird, das Gesicht.<\/p>\n\n\n\n<p>Seit jeher wird das Gesicht als Spiegel der Seele beschrieben.&nbsp;<\/p>\n\n\n\n<p>Entspannte, strahlende Gesichtsz\u00fcge werden uns heute von sehr jungen M\u00e4dchen in der Werbung pr\u00e4sentiert und damit suggeriert, dass es heute ohne kosmetische Pflege keine Ausstrahlung von morgen gibt.<\/p>\n\n\n\n<p>Erlernen Sie Massagetechniken um gegen Falten und Trockenheit genauso erfolgreich vorzugehen, wie gegen Migr\u00e4ne, Kopfschmerz und Nackenverspannungen. Sie erlernen auch die korrekte Anwendung von Gua Sha im Gesicht.<\/p>\n<\/div>\n<\/div>\n\n\n\n<p>Termine:<\/p>\n\n\n\n<ul class=\"wp-block-list\">\n<li>10.10.2025 15:00 &#8211; 18:00 Uhr, Pfarre Dornbach (Rupertusplatz 4, 1170 Wien)<\/li>\n\n\n\n<li>weitere in Vorbereitung<\/li>\n<\/ul>\n\n\n\n<p><\/p>\n\n\n\n<div class=\"wp-block-buttons is-content-justification-center is-layout-flex wp-container-core-buttons-is-layout-16018d1d wp-block-buttons-is-layout-flex\">\n<div class=\"wp-block-button is-style-outline is-style-outline--1\"><a class=\"wp-block-button__link wp-element-button\" href=\"https:\/\/for-easy-living.at\/?page_id=34\">Anmeldung<\/a><\/div>\n<\/div>\n\n\n\n<div style=\"height:58px\" aria-hidden=\"true\" class=\"wp-block-spacer\"><\/div>\n\n\n\n<p><\/p>\n","protected":false},"excerpt":{"rendered":"<p>Kosmetische Tuina In erster Linie geht es bei dieser Massage um die Partie des K\u00f6rpers, die bevorzugt von der kosmetischen Industrie beworben wird, das Gesicht. Seit jeher wird das Gesicht als Spiegel der Seele beschrieben.&nbsp; Entspannte, strahlende Gesichtsz\u00fcge werden uns heute von sehr jungen M\u00e4dchen in der Werbung pr\u00e4sentiert und damit suggeriert, dass es heute&#8230;<\/p>\n","protected":false},"author":1,"featured_media":0,"parent":0,"menu_order":0,"comment_status":"closed","ping_status":"closed","template":"","meta":{"_kad_post_transparent":"","_kad_post_title":"","_kad_post_layout":"","_kad_post_sidebar_id":"","_kad_post_content_style":"","_kad_post_vertical_padding":"","_kad_post_feature":"","_kad_post_feature_position":"","_kad_post_header":false,"_kad_post_footer":false,"footnotes":""},"class_list":["post-43","page","type-page","status-publish","hentry"],"_links":{"self":[{"href":"https:\/\/for-easy-living.at\/index.php?rest_route=\/wp\/v2\/pages\/43","targetHints":{"allow":["GET"]}}],"collection":[{"href":"https:\/\/for-easy-living.at\/index.php?rest_route=\/wp\/v2\/pages"}],"about":[{"href":"https:\/\/for-easy-living.at\/index.php?rest_route=\/wp\/v2\/types\/page"}],"author":[{"embeddable":true,"href":"https:\/\/for-easy-living.at\/index.php?rest_route=\/wp\/v2\/users\/1"}],"replies":[{"embeddable":true,"href":"https:\/\/for-easy-living.at\/index.php?rest_route=%2Fwp%2Fv2%2Fcomments&post=43"}],"version-history":[{"count":15,"href":"https:\/\/for-easy-living.at\/index.php?rest_route=\/wp\/v2\/pages\/43\/revisions"}],"predecessor-version":[{"id":279,"href":"https:\/\/for-easy-living.at\/index.php?rest_route=\/wp\/v2\/pages\/43\/revisions\/279"}],"wp:attachment":[{"href":"https:\/\/for-easy-living.at\/index.php?rest_route=%2Fwp%2Fv2%2Fmedia&parent=43"}],"curies":[{"name":"wp","href":"https:\/\/api.w.org\/{rel}","templated":true}]}}